 Calculate the remainder when h(c) is divided by u(2).
10
Let b(g) be the first derivative of g**4/2 - g**2 + g + 1. Let z = 6 - 4. What is the remainder when 25 is divided by b(z)?
12
Let o(q) = -9*q**3 - q**2. Let t be o(-1). What is the remainder when 3/2*t/6 is divided by -5*(2 + 22/(-10))?
0
Let p(g) = -19*g + 3. Let f be (-3)/(-4)*(-4)/1. Let y be p(f). Suppose 0 = 4*q - y - 16. What is the remainder when q is divided by 7?
5
Suppose 136 = 2*t + 4*f, -3*f - 316 = -4*t - 11. What is the remainder when t is divided by 20?
14
Let u(n) = n**3 + 14*n**2 + 16*n + 4. Let h be u(-13). Let o = h + 56. What is the remainder when 81 is divided by o?
18
Suppose -4*c = -6 - 6. Let h(k) = 2*k**3 - 11*k**2 + 9*k - 11. What is the remainder when h(5) is divided by c?
0
Suppose 3*a + 4*v - 26 = 2*v, -4*v = -4. What is the remainder when 30 is divided by a?
6
Suppose 0 = 3*p - 425 + 125. Let q(s) = 2*s + 1. Let z be q(2). Suppose -z*w + p = -w. Calculate the remainder when w is divided by 13.
12
Suppose -b - 103 = -5*r, r + 3*r - 5*b - 95 = 0. What is the remainder when 58 is divided by r?
18
What is the remainder when 235 is divided by 1/(-4) + (-627)/(-44)?
11
Let d(l) = 4*l - 1. Let q be d(6). Let n = q - 5. What is the remainder when 34 is divided by n?
16
Suppose 0 = -5*a - 3*m + 4*m + 41, -m = 1. What is the remainder when 8/(-6)*3/(-2) is divided by (4/(-6))/(a/(-24))?
0
Let l = 114 - 107. Calculate the remainder when 30 is divided by l.
2
Let s = -12 - -57. Calculate the remainder when s is divided by 24.
21
Suppose 2*f + 4*f - 168 = 0. Suppose -f = -6*d + 5*d. Calculate the remainder when d is divided by 15.
13
Suppose -p - o - 1 = -5*o, -4*p = 2*o + 22. Suppose -2*b - d + 0 = 2, 8 = 2*d. Let g = b - p. Calculate the remainder when 2 is divided by g.
0
Let l = 4 + -4. Let b = 2 - l. Let h(d) = d**2 + d + 2. Calculate the remainder when h(b) is divided by 3.
2
Suppose -36 = c - 4*c. What is the remainder when 21 is divided by c?
9
Calculate the remainder when 5 is divided by 68/51*(3 + 0).
1
Let o be (-1)/2 + (-14)/(-4). Let q = 16 - 12. Suppose q*m + u = -m + 59, o*u = -2*m + 21. What is the remainder when m is divided by 7?
5
What is the remainder when (1 - 2)*(-272)/4 is divided by 18?
14
Suppose -n - b + 37 = -0*b, -4*n + 3*b = -141. Calculate the remainder when 142 is divided by n.
34
Let o = 127 - 117. Calculate the remainder when 59 is divided by o.
9
Suppose 0 = -3*n + 132 + 42. Let b = 6 - -6. Calculate the remainder when n is divided by b.
10
Calculate the remainder when 10 is divided by 34/(-119) - (-58)/7.
2
Let c = -27 - -75. Suppose 0 = -5*f - 65 - 80. Let h = f + 46. What is the remainder when c is divided by h?
14
Let w(n) = 3 - n - 1 - 4 + 4. Let x = -7 - -12. What is the remainder when x is divided by w(0)?
1
Let s = 52 + -13. What is the remainder when s is divided by 10?
9
Suppose s = 6*s + 10. Let n = s + 31. Suppose 11 = 5*r - 64. What is the remainder when n is divided by r?
14
Let q = 26 - 14. Let s = 3 - -20. Calculate the remainder when s is divided by q.
11
What is the remainder when -3 - (0 - -16)*6/(-12) is divided by 3?
2
Suppose -5*x + 113 = -17. Suppose 0 = -3*q + 4*q - x. Calculate the remainder when q is divided by 14.
12
Let x(p) = 2*p - 3*p + 0*p**2 + p**2 + 6*p. Let i(o) = -o**2 + 4*o - 1. Let s be i(5). What is the remainder when 10 is divided by x(s)?
4
Let z(p) = p. Let b be z(4). Suppose -b*n - n = -85. Let y = 90 - 58. Calculate the remainder when y is divided by n.
15
Let u = -7 - -36. Let p = 52 - 37. Calculate the remainder when u is divided by p.
14
Suppose -4*m - 12 = -2*m. Calculate the remainder when m + 0 + 3 + 19 is divided by 9.
7
Suppose -15 = -2*r - 1. Calculate the remainder when r is divided by 4.
3
Let d be (-2)/(-3) - (-7)/3. Let o be 1/(-3) + (-10)/(-3). Suppose -d*i - 31 + 10 = -o*y, 4*i = -4. What is the remainder when 16 is divided by y?
4
Let r(c) = 9*c + 8. Let t be r(-6). What is the remainder when 8 is divided by t/(-14) + (-10)/35?
2
Let h(u) be the second derivative of -3*u + 0*u**2 - 2/3*u**3 + 0. What is the remainder when h(-6) is divided by 13?
11
Let i be -1 + 3/(-3)*-1. Suppose i = 6*l - l. What is the remainder when 5 is divided by -3 - (l + -3) - -3?
2
Let k = 12 - 14. What is the remainder when 31 is divided by (-2 + -14)*1/k?
7
Suppose -3*p - 330 = -8*p. Calculate the remainder when p is divided by 17.
15
What is the remainder when (1 - 2)*(-3)/((-12)/(-212)) is divided by 18?
17
Let g = 22 - 18. Suppose 2*n = g*n - 40. Calculate the remainder when 37 is divided by n.
17
Let j(o) = -o + 9. Let g be (-2)/(-7) + 94/14. Let i be j(g). Let s = i + 6. Calculate the remainder when s is divided by 5.
3
Let q = 149 - 81. Let f = -44 + 67. What is the remainder when q is divided by f?
22
Suppose 3*d + 2*z = 6*d - 1, -z + 4 = 0. What is the remainder when 56 is divided by -2*(171/(-6))/d?
18
Let v = -1 - -37. Calculate the remainder when v is divided by 13.
10
Let f(w) = w**2 - 8*w - 1. Let v be f(9). Let d(j) = -v*j - 4 + j + j. Calculate the remainder when d(-8) is divided by 23.
21
Suppose -a - 1 + 34 = 0. Calculate the remainder when a is divided by 9.
6
Let p(m) = -5*m - 2. What is the remainder when 90 is divided by p(-3)?
12
Let g = -13 - -19. What is the remainder when 59 is divided by g?
5
Let a(t) = 53*t**3 - t**2 + 3*t - 2. What is the remainder when a(1) is divided by (36/(-16))/(1/(-8))?
17
Suppose 2*l - 228 = -5*q, -q - l + 48 = -0*q. Suppose 3*d - 7*d = -q. What is the remainder when 20 is divided by d?
9
Let c(n) = 13*n**3 - n. Let s be c(1). Suppose -6*g + 54 = s. Let w = 37 - 17. What is the remainder when w is divided by g?
6
Suppose 20 + 21 = f. What is the remainder when f is divided by 22?
19
Suppose -3*k = -2*k - 3. Suppose 0 = -q - k*s + 3, -4*q + 0*q = -5*s - 29. Let o(f) = 11*f - 7. What is the remainder when o(q) is divided by 20?
19
Suppose -3*n + 5*v = -48, 4*n - 66 = -2*v - 2. Calculate the remainder when 47 is divided by n.
15
Let m(y) = -y**3 - 12*y**2 + 10*y + 13. Let b be m(-13). Let v = 55 + -30. Let g = b - v. What is the remainder when g is divided by 14?
13
Suppose -5*y + 5*z = 19 - 64, -5*y - 2*z + 24 = 0. What is the remainder when 22 is divided by y?
4
What is the remainder when 74 is divided by 1260/48 - 10/8?
24
Let a(x) = 5*x + 6. What is the remainder when a(7) is divided by 15?
11
Let g(k) = 18*k**2 + 2*k + 1. Suppose 2*n + 1 = n. Calculate the remainder when 50 is divided by g(n).
16
Suppose -4*k + 7*k - 12 = 0. Suppose 4*i - 2*w - 22 = 0, 5*i + w - 29 = k*w. Suppose -d - i*d = -15. What is the remainder when 5 is divided by d?
2
Let x be (-1)/4 - 46/8. Let t be 2/(8/x - -2). Suppose 2*g = -t*g + 4*w + 19, -2*w = -g + 5. What is the remainder when 4 is divided by g?
1
Let a(d) = d**3 + 9*d**2 + 10*d - 1. What is the remainder when a(-7) is divided by 10?
7
Let b(g) = -3*g - 3. Let p = -12 + 8. Let u be b(p). Suppose u = 2*w - 9. What is the remainder when w is divided by 3?
0
Suppose -5*q = -2*q - 36. Suppose -21 - 3 = z. Let y = z - -47. What is the remainder when y is divided by q?
11
Calculate the remainder when 114 is divided by 2/(-6) + (5664/(-18))/(-8).
36
Let k = 213 - 46. Calculate the remainder when k is divided by 17.
14
Suppose 2*a - 43 = -g, -3*g - 3*a = -5*g + 79. Calculate the remainder when 80 is divided by g.
39
Suppose -5*w + 165 = 50. Calculate the remainder when w is divided by 4.
3
Suppose -5*g + 4*q + 5 = 0, 0 = 4*g - 4*q - 4. Calculate the remainder when 1 is divided by g.
0
Suppose -3*m = -8 - 1. Suppose m*g - 15 - 162 = 0. What is the remainder when g is divided by 20?
19
Let n(i) = i**3 + 2*i**2 + 2*i - 1. Let b(u) = -2*u**3 - 2*u**2 - 2*u. Let k(z) = 2*b(z) + 3*n(z). What is the remainder when k(-3) is divided by 13?
10
Suppose -2*x - 82 = -3*h - 8, 2*x + 52 = 2*h. Let c = 104 - 18. Calculate the remainder when c is divided by h.
20
Let o(m) = -m**3 - m**2 + m - 1. Let s(j) = 7*j**3 - 3*j + 11. Let l(w) = -6*o(w) - s(w). Let d = 24 + -16. What is the remainder when d is divided by l(5)?
3
Let u(y) = y**3 - 3*y**2 + 2*y - 5. Let x be u(5). Suppose 0 = -g + 5*d - 19, 5*g = -0*d - 5*d + x. Calculate the remainder when 0 + 1*(11 - 0) is divided by g.
5
Let c be (-2)/(-6) + (-348)/18. Let v = c - -78. Calcul